?
4
What is the units digit of 12131414?
4
What is the ten thousands digit of 4224810321?
1
What is the ten thousands digit of 303412126?
1
What is the ten thousands digit of 47927208?
2
What is the ten millions digit of 47589552?
4
What is the thousands digit of 273982004?
2
What is the hundreds digit of 129991173?
1
What is the hundred millions digit of 164493241?
1
What is the millions digit of 459206629?
9
What is the hundreds digit of 2295852987?
9
What is the millions digit of 17200266?
7
What is the hundreds digit of 20839788?
7
What is the hundred thousands digit of 4273048332?
0
What is the thousands digit of 189269393?
9
What is the tens digit of 186040219?
1
What is the millions digit of 1905789417?
5
What is the hundred thousands digit of 922579935?
5
What is the ten millions digit of 115304878?
1
What is the millions digit of 1109732670?
9
What is the hundred thousands digit of 675342795?
3
What is the hundred millions digit of 618180651?
6
What is the ten millions digit of 98884469?
9
What is the units digit of 34751765?
5
What is the units digit of 92822750?
0
What is the millions digit of 1672261790?
2
What is the millions digit of 1723355554?
3
What is the ten millions digit of 42300427?
4
What is the ten thousands digit of 1952614801?
1
What is the thousands digit of 50084911?
4
What is the millions digit of 376712697?
6
What is the ten millions digit of 111554429?
1
What is the hundred thousands digit of 269207611?
2
What is the thousands digit of 41595737?
5
What is the thousands digit of 3059302?
9
What is the ten millions digit of 601500858?
0
What is the hundred thousands digit of 156839942?
8
What is the hundreds digit of 1845690450?
4
What is the units digit of 3231302516?
6
What is the millions digit of 45851670?
5
What is the tens digit of 1040207986?
8
What is the ten millions digit of 397684189?
9
What is the ten thousands digit of 24491489?
9
What is the thousands digit of 234556319?
6
What is the hundreds digit of 95737008?
0
What is the units digit of 65831567?
7
What is the hundreds digit of 2442019274?
2
What is the thousands digit of 98666727?
6
What is the millions digit of 24501663?
4
What is the hundreds digit of 43695107?
1
What is the tens digit of 95738640?
4
What is the thousands digit of 158008639?
8
What is the ten millions digit of 195870452?
9
What is the ten thousands digit of 2248151146?
5
What is the ten millions digit of 80336050?
8
What is the ten millions digit of 2961702464?
6
What is the hundreds digit of 6660561321?
3
What is the tens digit of 186834207?
0
What is the ten thousands digit of 243647855?
4
What is the hundreds digit of 335223954?
9
What is the billions digit of 1073689716?
1
What is the units digit of 170932998?
8
What is the ten thousands digit of 419573170?
7
What is the hundred thousands digit of 1129790089?
7
What is the units digit of 36865600?
0
What is the hundred thousands digit of 397546471?
5
What is the ten millions digit of 1432357806?
3
What is the tens digit of 30731049?
4
What is the hundreds digit of 70665198?
1
What is the ten millions digit of 660475628?
6
What is the millions digit of 1149181613?
9
What is the hundred millions digit of 340346594?
3
What is the hundred thousands digit of 107334743?
3
What is the units digit of 390172576?
6
What is the ten millions digit of 144663296?
4
What is the ten millions digit of 10779895?
1
What is the hundred thousands digit of 1378622856?
6
What is the units digit of 97530442?
2
What is the tens digit of 323673255?
5
What is the millions digit of 12227641?
2
What is the hundreds digit of 5031654534?
5
What is the hundred millions digit of 261095464?
2
What is the ten thousands digit of 578819831?
1
What is the thousands digit of 214630582?
0
What is the tens digit of 2210638706?
0
What is the ten millions digit of 22384825?
2
What is the thousands digit of 5119405203?
5
What is the ten millions digit of 143885118?
4
What is the tens digit of 34374812?
1
What is the tens digit of 28204147?
4
What is the millions digit of 3746250786?
6
What is the hundreds digit of 46135578?
5
What is the ten thousands digit of 3724349?
2
What is the hundreds digit of 1205995254?
2
What is the thousands digit of 410795713?
5
What is the units digit of 8631267?
7
What is the tens digit of 48256305?
0
What is the ten thousands digit of 2000932860?
3
What is the billions digit of 1047454284?
1
What is the tens digit of 194017213?
1
What is the millions digit of 35923638?
5
What is the ten millions digit of 5583591087?
8
What is the tens digit of 445958432?
3
What is the hundred millions digit of 3747976170?
7
What is the millions digit of 785973174?
5
What is the hundred millions digit of 2940364512?
9
What is the hundreds digit of 82025646?
6
What is the ten thousands digit of 2247332901?
3
What is the hundred thousands digit of 1862678875?
6
What is the ten millions digit of 56826273?
5
What is the millions digit of 3303540051?
3
What is the ten millions digit of 10765212?
1
What is the hundred millions digit of 3038888296?
0
What is the thousands digit of 32515659?
5
What is the ten thousands digit of 1855579937?
7
What is the tens digit of 155759270?
7
What is the hundred thousands digit of 2958992670?
9
What is the tens digit of 137724473?
7
What is the millions digit of 92218525?
2
What is the millions digit of 180562856?
0
What is the millions digit of 170041353?
0
What is the hundreds digit of 1525742130?
1
What is the hundred millions digit of 1326370198?
3
What is the hundred millions digit of 3171516292?
1
What is the tens digit of 73532624?
2
What is the tens digit of 156252332?
3
What is the units digit of 12072043?
3
What is the ten thousands digit of 100819808?
1
What is the thousands digit of 775203485?
3
What is the hundreds digit of 110988677?
6
What is the ten thousands digit of 88879151?
7
What is the units digit of 926768590?
0
What is the hundred millions digit of 1726262853?
7
What is the hundreds digit of 588977293?
2
What is the ten thousands digit of 18782809?
8
What is the ten thousands digit of 9904969?
0
What is the ten thousands digit of 82078516?
7
What is the ten thousands digit of 56879113?
7
What is the ten thousands digit of 110452867?
5
What is the hundred millions digit of 1235634210?
2
What is the millions digit of 81603299?
1
What is the hundreds digit of 29191953?
9
What is the tens digit of 24446506?
0
What is the millions digit of 1804209313?
4
What is the units digit of 2998393247?
7
What is the hundred thousands digit of 458995119?
9
What is the tens digit of 69427923?
2
What is the thousands digit of 47380117?
0
What is the thousands digit of 266468143?
8
What is the ten thousands digit of 105494745?
9
What is the ten thousands digit of 625460747?
6
What is the tens digit of 11694462?
6
What is the billions digit of 1518351075?
1
What is the millions digit of 8064175?
8
What is the hundreds digit of 3388862928?
9
What is the hundred thousands digit of 107248160?
2
What is the hundred thousands digit of 33867088?
8
What is the hundred thousands digit of 880079279?
0
What is the hundred thousands digit of 3295481313?
4
What is the units digit of 4271585?
5
What is the tens digit of 120767049?
4
What is the units digit of 83806979?
9
What is the millions digit of 5517253996?
7
What is the hundred thousands digit of 940611500?
6
What is the ten thousands digit of 38838425?
3
What is the ten millions digit of 226837760?
2
What is the units digit of 113476636?
6
What is the thousands digit of 491323669?
3
What is the millions digit of 104093218?
4
What is the units digit of 3138583791?
1
What is the hundred millions digit of 7621308935?
6
What is the units digit of 501677153?
3
What is the hundred thousands digit of 6300483?
3
What is the units digit of 827237920?
0
What is the ten thousands digit of 486311624?
1
What is the units digit of 233355005?
5
What is the thousands digit of 236335770?
5
What is the thousands digit of 896920270?
0
What is the ten thousands digit of 150245675?
4
What is the ten millions digit of 415255761?
1
What is the tens digit of 3778659225?
2
What is the hundred millions digit of 458865074?
4
What is the millions digit of 244209939?
4
What is the units digit of 5429